it of 302913374?
3
What is the hundred thousands digit of 57640781?
6
What is the tens digit of 1668274360?
6
What is the ten millions digit of 43220478?
4
What is the hundreds digit of 4522426?
4
What is the thousands digit of 30969780?
9
What is the ten thousands digit of 446620704?
2
What is the millions digit of 21539886?
1
What is the units digit of 109841896?
6
What is the hundreds digit of 512573627?
6
What is the hundred thousands digit of 146370530?
3
What is the tens digit of 2598078742?
4
What is the hundred thousands digit of 29277622?
2
What is the millions digit of 80073671?
0
What is the ten thousands digit of 517672498?
7
What is the ten thousands digit of 100039975?
3
What is the thousands digit of 5492995391?
5
What is the ten thousands digit of 119307036?
0
What is the billions digit of 5596351492?
5
What is the units digit of 5747404965?
5
What is the hundred thousands digit of 805547614?
5
What is the hundred thousands digit of 1376297935?
2
What is the hundred thousands digit of 72489258?
4
What is the units digit of 1245371013?
3
What is the ten thousands digit of 44615974?
1
What is the hundred millions digit of 114517400?
1
What is the billions digit of 1293196583?
1
What is the millions digit of 92157714?
2
What is the ten millions digit of 566014217?
6
What is the thousands digit of 72456402?
6
What is the units digit of 653964708?
8
What is the ten thousands digit of 20158788?
5
What is the millions digit of 6423921?
6
What is the billions digit of 1081596682?
1
What is the hundred thousands digit of 26066205?
0
What is the thousands digit of 1049346407?
6
What is the hundred thousands digit of 14286736?
2
What is the millions digit of 191566809?
1
What is the hundred millions digit of 1255794728?
2
What is the hundreds digit of 9190791?
7
What is the ten thousands digit of 60190977?
9
What is the units digit of 746684239?
9
What is the millions digit of 16581674?
6
What is the hundred millions digit of 195302081?
1
What is the tens digit of 84899309?
0
What is the millions digit of 47677192?
7
What is the hundred thousands digit of 472050497?
0
What is the ten millions digit of 29074804?
2
What is the hundreds digit of 650365924?
9
What is the ten thousands digit of 87310463?
1
What is the units digit of 1368878578?
8
What is the units digit of 9967434?
4
What is the ten millions digit of 56480590?
5
What is the thousands digit of 181727450?
7
What is the hundred thousands digit of 44835268?
8
What is the hundreds digit of 3581354325?
3
What is the units digit of 464704610?
0
What is the millions digit of 2099517705?
9
What is the thousands digit of 46469795?
9
What is the tens digit of 1489873956?
5
What is the hundred millions digit of 187881546?
1
What is the units digit of 33256398?
8
What is the thousands digit of 245798680?
8
What is the hundred millions digit of 892709728?
8
What is the thousands digit of 666559168?
9
What is the ten thousands digit of 39555765?
5
What is the ten millions digit of 134027170?
3
What is the hundred millions digit of 690630539?
6
What is the tens digit of 17491315?
1
What is the billions digit of 1823446733?
1
What is the millions digit of 64897600?
4
What is the hundreds digit of 524183936?
9
What is the tens digit of 581167118?
1
What is the ten thousands digit of 1129700438?
0
What is the hundred millions digit of 4202537887?
2
What is the ten thousands digit of 242328123?
2
What is the hundreds digit of 50461599?
5
What is the ten thousands digit of 23240900?
4
What is the thousands digit of 1507856371?
6
What is the millions digit of 29389741?
9
What is the thousands digit of 453969017?
9
What is the units digit of 282722806?
6
What is the ten millions digit of 81899802?
8
What is the hundred millions digit of 308728982?
3
What is the hundred millions digit of 5756805560?
7
What is the hundreds digit of 51374317?
3
What is the ten thousands digit of 344924580?
2
What is the hundred millions digit of 1310901130?
3
What is the millions digit of 79838823?
9
What is the tens digit of 1212255526?
2
What is the billions digit of 1534811610?
1
What is the hundreds digit of 1267444003?
0
What is the billions digit of 1456486213?
1
What is the units digit of 367161543?
3
What is the hundred thousands digit of 1002501850?
5
What is the millions digit of 41841138?
1
What is the ten thousands digit of 38570879?
7
What is the thousands digit of 482133747?
3
What is the hundreds digit of 33534385?
3
What is the units digit of 39802911?
1
What is the millions digit of 63609865?
3
What is the units digit of 38039342?
2
What is the hundred thousands digit of 962912074?
9
What is the hundred millions digit of 497110264?
4
What is the millions digit of 1875469859?
5
What is the tens digit of 314403354?
5
What is the hundred thousands digit of 2078770146?
7
What is the hundred thousands digit of 204877964?
8
What is the thousands digit of 585440845?
0
What is the units digit of 213775337?
7
What is the thousands digit of 297962283?
2
What is the hundred thousands digit of 1452984683?
9
What is the units digit of 1283934610?
0
What is the thousands digit of 4221474134?
4
What is the millions digit of 923663529?
3
What is the ten millions digit of 61479908?
6
What is the ten millions digit of 30089613?
3
What is the billions digit of 1241076241?
1
What is the ten thousands digit of 21789305?
8
What is the ten millions digit of 3147564518?
4
What is the hundreds digit of 101014518?
5
What is the hundred thousands digit of 334379980?
3
What is the thousands digit of 202345787?
5
What is the ten millions digit of 887423636?
8
What is the millions digit of 19538969?
9
What is the hundred thousands digit of 6026520022?
5
What is the thousands digit of 39396305?
6
What is the millions digit of 48416522?
8
What is the millions digit of 168171721?
8
What is the units digit of 984983737?
7
What is the hundreds digit of 217298674?
6
What is the millions digit of 251018973?
1
What is the millions digit of 915925541?
5
What is the ten thousands digit of 297206009?
0
What is the hundreds digit of 247492737?
7
What is the thousands digit of 63169559?
9
What is the ten thousands digit of 45277560?
7
What is the hundred millions digit of 160267148?
1
What is the tens digit of 92466156?
5
What is the hundreds digit of 27351332?
3
What is the thousands digit of 38312377?
2
What is the thousands digit of 762719819?
9
What is the thousands digit of 37782106?
2
What is the hundred millions digit of 331639637?
3
What is the ten thousands digit of 183254941?
5
What is the millions digit of 185907435?
5
What is the hundred thousands digit of 134515397?
5
What is the units digit of 151942560?
0
What is the hundreds digit of 109187360?
3
What is the units digit of 587144932?
2
What is the thousands digit of 65429460?
9
What is the billions digit of 1807320090?
1
What is the millions digit of 13817327?
3
What is the hundred thousands digit of 139912990?
9
What is the thousands digit of 5672240?
2
What is the hundred thousands digit of 116706412?
7
What is the ten millions digit of 778160516?
7
What is the millions digit of 4450451?
4
What is the units digit of 241038881?
1
What is the ten millions digit of 424054561?
2
What is the millions digit of 15883992?
5
What is the millions digit of 115791898?
5
What is the millions digit of 181808377?
1
What is the units digit of 205428512?
2
What is the hundreds digit of 92015774?
7
What is the ten millions digit of 545380708?
4
What is the hundred thousands digit of 44960795?
9
What is the tens digit of 190938850?
5
What is the hundred thousands digit of 369178487?
1
What is the billions digit of 2694863556?
2
What is the ten millions digit of 85172060?
8
What is the tens digit of 61349163?
6
What is the tens digit of 16187457?
5
What is the hundred thousands digit of 42481069?
4
What is the tens digit of 256122602?
0
What is the millions digit of 3371313563?
1
What is the tens digit of 3210095584?
8
What is the billions digit of 2255711036?
2
What is the millions digit of 2117082800?
7
What is the hundreds digit of 73769571?
5
What is the units digit of 70788696?
6
What is the hundred thousands digit of 28562157?
5
What is the ten thousands digit of 1600404431?
0
What is 